j = -44. Suppose 0 = j*i - 5*i - 1986. Is i a composite number?
False
Suppose -5*f = 3*s - 3894, 0*f - 2344 = -3*f + 2*s. Suppose 3*p - f = 1809. Is p a composite number?
False
Let a(m) = -m**2 - 3*m + 2. Let r be a(-3). Suppose 0 = -r*q + 4*b + 582, 0*b - b = -1. Is q a prime number?
True
Suppose -3*a + 18 = 2*b - 0*b, 0 = b - 3. Suppose -63 = 3*m + 6. Is (m/a)/(8/(-352)) a prime number?
False
Let z be ((-1)/(-2))/((-2)/412). Let s = z + 408. Is s composite?
True
Suppose 2*j + 2*j = -5*n + 459, -j + 5*n = -96. Is j composite?
True
Suppose 95*d + 92969 = 126*d. Is d a prime number?
True
Let v = -1297 - -3673. Suppose 5*q = 13039 + v. Suppose q = 4*t + 375. Is t a composite number?
False
Let u = 14729 + 5870. Is u composite?
False
Let q(v) = 3*v - 25. Let u be q(8). Is 3 + -2 - (u + -369) prime?
False
Let y = -64 - -91. Let k = 124 - 60. Let r = k - y. Is r a prime number?
True
Suppose -20*b = -0*b - 128420. Is b composite?
False
Suppose 84*r - 80*r - 3868 = 0. Is r composite?
False
Suppose -3*h + 3*g = -462 - 486, 4*h - 5*g - 1269 = 0. Let r = h + -184. Is r composite?
False
Let k(t) = -t - 1254. Let c be k(0). Suppose 4*z + x = -2*x - 7562, -2*z - 3768 = -5*x. Let y = c - z. Is y prime?
False
Let o(n) = 4*n**2 - 10*n - 2. Let l(p) = 3*p**2 - 11*p - 2. Let g(a) = -5*l(a) + 4*o(a). Let k be g(-7). Is (-1)/1 + (-4 - k) a composite number?
True
Let p = -7 + 3. Suppose 181 - 69 = 7*b. Is (-30)/p*b/12 a prime number?
False
Suppose -5*o - 5 = -0*o. Is ((-3)/6)/(o/502) prime?
True
Suppose 0 = 2*k + 2*i - 34, -2*i = 3*i - 25. Suppose 18*o - k*o - 39822 = 0. Is o prime?
True
Let r = 1164 - -2399. Is r a prime number?
False
Let k = -63 - -66. Let x = -373 - -674. Suppose 4*s = -2*q - k*q + x, 3*q + 219 = 3*s. Is s a prime number?
False
Let j(h) = -h**2 - 3*h + 9. Let c(t) = 2*t + 1 - 1 - 3*t. Let w(g) = -5*c(g) - j(g). Is w(-12) a composite number?
True
Let o(a) = 2*a**2 - 2*a + 2. Suppose -15*m + 18*m = 3. Let k be o(m). Suppose 0 = i - k*i + 131. Is i composite?
False
Let q = -1179 - -729. Let j(b) = 4*b**3 + 6*b**2 + 5*b - 2. Let d be j(5). Let a = d + q. Is a a composite number?
False
Suppose 4*v - 89352 = -3*f + 144158, v = -3*f + 58373. Is v prime?
True
Suppose -3*w - 9 = -3*z, 0 = -4*w + 2*z - 12 - 10. Let b = -5 - w. Suppose -5*f + 267 = 4*l - l, -2*l + 161 = b*f. Is f a prime number?
False
Is (6/(-27)*1563)/(8/(-84)) composite?
True
Let z be (2/3)/(3/72). Let a = z + 28. Let y = a + -7. Is y a prime number?
True
Suppose -5*f + f + 28880 = -4*z, 0 = 2*f - 3*z - 14443. Is f a composite number?
True
Let v = -11 - -15. Let h be v/30 + 1865/75. Suppose 5*z = -3*u + 38, 5*z - 3*u - h = z. Is z a composite number?
False
Let q(r) be the first derivative of r**7/840 + 7*r**6/360 - r**5/10 - r**4/24 + 2*r**3/3 + 1. Let v(d) be the third derivative of q(d). Is v(-8) prime?
True
Is 1486*-1*(-13)/26 a prime number?
True
Let y(k) = -79*k - 18. Let u(r) = r**2 - 12*r + 28. Let m be u(8). Is y(m) a composite number?
True
Let x = 93371 - 45774. Is x composite?
True
Let q = 41 + 184. Suppose 2*t + t - q = 0. Let c = -40 + t. Is c a composite number?
True
Suppose 3*n - 2*z = -1298 - 374, -2*n - 3*z = 1119. Let l be 977 - ((4 - 2) + -2). Let h = n + l. Is h composite?
False
Suppose 4*g - 6834 = -n, g - 5120 = -2*g + 2*n. Suppose -2*z + x = -1693 - 1732, z - g = -x. Is z composite?
True
Suppose 8*i - 5*i - 183 = -3*l, 0 = -2*i - 5*l + 125. Suppose f - 347 = i. Is f a composite number?
True
Let h = 759 - 459. Let l be h/9 - (-2)/(-6). Is l/2*(-170)/(-15) a composite number?
True
Suppose 5*f = -0*b + 2*b - 5667, 4*f = b - 2835. Is b composite?
True
Is -1 + 3 - (-11608 - -19) composite?
True
Let p(f) = f**3 + f**2 + 2*f + 1. Let s be p(-1). Is s/(-2)*(-1500 + -2)*-1 a composite number?
False
Let y = 4387 - 3124. Let j = y + -776. Is j a prime number?
True
Suppose -4*w + d + 13387 = -30221, w - 5*d = 10883. Is w composite?
False
Let j(u) = 77*u + 801. Is j(6) a prime number?
False
Let u = -15 - -19. Suppose -2*a - 426 = -r, -6 = u*a - a. Suppose o = 2*s - o - r, -633 = -3*s + 2*o. Is s composite?
False
Let c(h) = -17*h**2 - 3*h + 1. Let r(s) = -s**2. Let b(d) = -c(d) + 5*r(d). Let n be b(-3). Suppose 2*x + 0*x = n. Is x prime?
False
Let k(x) = 2 + 5 + x - 9 + 3. Let u(p) = -p**2 + 6*p + 15. Let s(j) = 3*k(j) - u(j). Is s(6) composite?
True
Suppose w + 4*d - 4417 = 0, w + 2*d = 3*w - 8814. Is w a prime number?
True
Let p(g) = 2*g**2 + 7*g. Let y be p(-3). Is (-158)/y*(-21)/(-14) a composite number?
False
Let b = -131 - -153. Suppose -3*r = -5*g + 550, -4*g + 0*r + 423 = r. Let p = g - b. Is p prime?
False
Let g(p) = -162*p + 23. Is g(-3) a composite number?
False
Suppose 157446 = 4*d + 2*i, -5*d - 9*i = -13*i - 196801. Is d prime?
False
Suppose -d + 10579 = -29814. Is d composite?
True
Let o(a) = 74*a + 1. Suppose 0 = 2*q + 3*q - 15, 2*q - 46 = -5*m. Let s = 10 - m. Is o(s) prime?
True
Let z = 1555 - -1686. Suppose -4*m + z = 5*k, 3*k + 897 = 4*m - 2336. Is m composite?
False
Suppose 0 = 6*r - 3*b - 136338, -4*r + 3*b + 83002 + 7890 = 0. Is r composite?
True
Suppose 0 = 4*j - 10 - 22. Suppose -j*s = -3*s - 1130. Suppose n + 108 = 2*y, -3*n + s = y + 3*y. Is y composite?
True
Suppose -k - 2*i + 4407 = 0, 20*k - 15*k - 22043 = -2*i. Is k composite?
False
Let m be (-2)/(-4) - (-9)/6. Suppose 1178 = m*y - 224. Is y a prime number?
True
Let o(a) = 17*a**2 - a - 17*a**2 + 2 + a**3. Let x be o(0). Is (x/8)/((-7)/(-14588)) composite?
False
Suppose -2*y + 2 + 3 = -j, 5*y = -4*j + 19. Let q be 0/(j + 2 + -5). Suppose 195 = 3*a - q*a. Is a a prime number?
False
Let l(r) = -r**2 + 3*r + 33. Let x be l(-4). Suppose j = 4*m + 140 + 243, -x*m + 1469 = 4*j. Is j prime?
False
Let h = 5623 + -389. Is h a prime number?
False
Let a(c) = c + 11. Let t be a(-7). Let v be -2*-241*2/t. Suppose -4*i = 3*s - v, -4*s + 0 - 46 = -i. Is i a composite number?
True
Suppose 2*r + 18 = 5*r. Suppose v + 37 = 2*b + r*v, -26 = -b - 4*v. Suppose -2*f = -b*f + 3*a + 87, 2*a = -2*f + 40. Is f prime?
False
Let i(k) = -5*k. Suppose -6 = -3*q - 2*y + 13, q = -4*y + 23. Suppose 3*d + q + 12 = 0. Is i(d) composite?
True
Suppose -4*j - k = 2 + 1, 5*j - 15 = 5*k. Suppose j*l - 7*l = -1253. Is l composite?
False
Let r = 2118 + -857. Is r prime?
False
Let h(w) = w**2 - 8*w. Let u be h(8). Suppose 2*q + 4*f - 4 = u, -q + 0*f = -5*f - 2. Suppose q*y = -13 + 5, 0 = -d + 3*y + 271. Is d a composite number?
True
Let c = -5290 - -10253. Is c composite?
True
Let h = -12569 + 21796. Is h composite?
False
Let u(v) = -v**2 - 12*v + 8. Let n be u(-12). Let f(c) = c**3 - 4*c**2 + 4*c + 11. Is f(n) a composite number?
True
Suppose -2*z = -z - 4. Suppose 0 = 2*g - z*g + 188. Is g prime?
False
Let t(v) be the second derivative of v**3/6 + 10*v. Let g be t(2). Suppose 5*x - 4*a = -856 + 3371, g*x - 1006 = -a. Is x a composite number?
False
Is ((-51)/51)/(2/(-12842)) composite?
False
Let i(m) = 2*m**2 - 2. Let z be i(2). Suppose -z*x = -x. Suppose x = -2*h + 3*u + 146, -2*u - 3 + 11 = 0. Is h a composite number?
False
Let n(h) = 21*h**3 - 10*h**2 - 6*h + 19. Let g be n(8). Suppose 0 = -15*b + 3102 + g. Is b composite?
True
Suppose -y + 2*r = -5*y - 8, 0 = -y - r - 4. Suppose y*i = i - 1673. Is i a prime number?
False
Let z be (4/(-12))/((-1)/801). Is (z + 2)/(2 - (-52)/(-28)) composite?
True
Let j(p) = -96*p + 1153. Let k be j(0). Suppose 2*v + 1292 = a, 8*a - 3*a = -3*v - 1964. Let t = v + k. Is t a prime number?
False
Is (14112/7)/6 + 5 a prime number?
False
Let m = -8 + 11. Let z(v) = -2 + v**2 + m*v**2 - v**2 + 2*v. Is z(-2) prime?
False
Let t(a) = -419*a + 141. Is t(-4) a prime number?
False
Let k(x) = x**2. Let c = -13 - -16. Let f be k(c). Is 176/2 + f/(-3) composite?
True
Let c = 36319 + -18536. Is c a prime number?
True
Let m(v) = 2*v**3 - 55*v**2 + 7*v + 18. Is m(28) a composite number?
True
Is (-20)/2*(-2181828)/1320 composite?
False
Suppose 3*r = 4*x - 235963, 5*x - 267625 = r + 27315. Is x composite?
True
Let t(l) = -6*l**3 - l**2 - l - 1. Let a be t(-1). Suppose -a*v = -3*d - 255, -2*v = -v + 5*d - 23. Let n = v - -5. Is n a composite number?
False
Let t(b) = b**3 - 4*b**2 + 6*b - 3. Let z be t(3). Suppose 0 = 3*d - z + 3. Let j(p) = 16*p - 3. Is j(d) a prime number?
True
Suppose 4*n = -0*n + 16, 5*n = 3*v + 56. Le